the prime factors of 932318?
2, 59, 7901
What are the prime factors of 243768?
2, 3, 7, 1451
List the prime factors of 645862.
2, 7, 46133
What are the prime factors of 1004447?
641, 1567
List the prime factors of 141089.
13, 10853
What are the prime factors of 3917562?
2, 3, 11, 59357
List the prime factors of 1931347.
11, 337, 521
What are the prime factors of 10144010?
2, 5, 47, 113, 191
List the prime factors of 1353655.
5, 19, 14249
List the prime factors of 206117.
53, 3889
What are the prime factors of 19459767?
3, 6486589
List the prime factors of 2811.
3, 937
List the prime factors of 354978.
2, 3, 13, 37, 41
What are the prime factors of 330138?
2, 3, 18341
What are the prime factors of 349436?
2, 87359
What are the prime factors of 9750063?
3, 3250021
List the prime factors of 8878011.
3, 137, 21601
List the prime factors of 288831.
3, 43, 2239
What are the prime factors of 3229170?
2, 3, 5, 7, 15377
List the prime factors of 688546.
2, 344273
List the prime factors of 316508.
2, 67, 1181
List the prime factors of 412806.
2, 3, 107, 643
List the prime factors of 614728.
2, 43, 1787
List the prime factors of 405888.
2, 3, 7, 151
List the prime factors of 4999642.
2, 2499821
What are the prime factors of 23677730?
2, 5, 239, 9907
List the prime factors of 110175.
3, 5, 13, 113
What are the prime factors of 214608?
2, 3, 17, 263
List the prime factors of 1729523.
1729523
List the prime factors of 6613162.
2, 211, 15671
List the prime factors of 28351.
28351
List the prime factors of 2526652.
2, 233, 2711
List the prime factors of 118169.
118169
What are the prime factors of 221553?
3, 103, 239
What are the prime factors of 1362095?
5, 7, 38917
What are the prime factors of 1950234?
2, 3, 11, 13, 2273
What are the prime factors of 962176?
2, 7517
List the prime factors of 17642525.
5, 37, 19073
What are the prime factors of 200815?
5, 40163
List the prime factors of 287628.
2, 3, 11, 2179
List the prime factors of 1273329.
3, 141481
What are the prime factors of 699142?
2, 17, 20563
What are the prime factors of 12796217?
7, 227, 8053
What are the prime factors of 115018?
2, 131, 439
List the prime factors of 234549.
3, 7, 17, 73
What are the prime factors of 16559933?
13, 47, 27103
What are the prime factors of 28424?
2, 11, 17, 19
What are the prime factors of 17792551?
7, 131, 19403
List the prime factors of 560259.
3, 7, 8893
List the prime factors of 9187652.
2, 2296913
What are the prime factors of 5874897?
3, 7, 37, 7561
What are the prime factors of 158146?
2, 107, 739
What are the prime factors of 275546?
2, 311, 443
What are the prime factors of 1943486?
2, 881, 1103
List the prime factors of 16198133.
7, 2314019
What are the prime factors of 3589874?
2, 151, 11887
List the prime factors of 263356.
2, 65839
List the prime factors of 1397085.
3, 5, 93139
What are the prime factors of 200818?
2, 31, 41, 79
What are the prime factors of 5212311?
3, 13, 133649
List the prime factors of 360123.
3, 120041
List the prime factors of 598940.
2, 5, 29947
List the prime factors of 19230507.
3, 23, 173, 179
What are the prime factors of 3011006?
2, 17, 19, 59, 79
List the prime factors of 487083.
3, 229, 709
What are the prime factors of 4630?
2, 5, 463
List the prime factors of 17384261.
463, 37547
What are the prime factors of 487840?
2, 5, 3049
What are the prime factors of 10620?
2, 3, 5, 59
List the prime factors of 1387698.
2, 3, 13, 17791
What are the prime factors of 32423824?
2, 757, 2677
List the prime factors of 2196590.
2, 5, 11, 19, 1051
List the prime factors of 35935219.
53, 678023
What are the prime factors of 3167801?
7, 13, 4973
List the prime factors of 3441539.
103, 33413
What are the prime factors of 1482038?
2, 19, 43, 907
What are the prime factors of 6555054?
2, 3, 11, 9029
What are the prime factors of 276623?
276623
What are the prime factors of 389242?
2, 7, 27803
List the prime factors of 447006.
2, 3, 7, 29, 367
What are the prime factors of 12173009?
12173009
What are the prime factors of 231400?
2, 5, 13, 89
What are the prime factors of 288736?
2, 7, 1289
What are the prime factors of 266091?
3, 7, 12671
List the prime factors of 755878.
2, 457, 827
What are the prime factors of 4301463?
3, 1433821
What are the prime factors of 226850?
2, 5, 13, 349
What are the prime factors of 253047?
3, 84349
What are the prime factors of 462468?
2, 3, 17, 2267
List the prime factors of 753458.
2, 376729
List the prime factors of 16032602.
2, 173, 46337
List the prime factors of 691575.
3, 5, 9221
List the prime factors of 3193036.
2, 7, 11, 1481
What are the prime factors of 560649?
3, 186883
What are the prime factors of 1463275?
5, 11, 17, 313
List the prime factors of 561238.
2, 17, 971
List the prime factors of 35267.
35267
What are the prime factors of 302865?
3, 5, 61, 331
What are the prime factors of 2470302?
2, 3, 137239
List the prime factors of 7082763.
3, 19, 137, 907
What are the prime factors of 11864834?
2, 5932417
List the prime factors of 827490.
2, 3, 5, 27583
What are the prime factors of 449224?
2, 233, 241
List the prime factors of 222841.
222841
List the prime factors of 4549056.
2, 3, 19, 29, 43
What are the prime factors of 9267358?
2, 4633679
What are the prime factors of 1037335?
5, 13, 15959
List the prime factors of 768198.
2, 3, 128033
List the prime factors of 23517555.
3, 5, 1567837
What are the prime factors of 10235443?
10235443
What are the prime factors of 2294517?
3, 764839
List the prime factors of 27852886.
2, 13926443
What are the prime factors of 388095?
3, 5, 25873
What are the prime factors of 78212?
2, 19553
List the prime factors of 2511880.
2, 5, 7, 8971
What are the prime factors of 33111?
3, 13, 283
What are the prime factors of 11853697?
1181, 10037
List the prime factors of 1407445.
5, 13, 59, 367
What are the prime factors of 474593?
7, 151, 449
List the prime factors of 179037.
3, 19, 349
What are the prime factors of 480824?
2, 60103
What are the prime factors of 241528?
2, 7, 19, 227
List the prime factors of 80369.
80369
What are the prime factors of 1496905?
5, 83, 3607
What are the prime factors of 1071448?
2, 7, 19, 53
What are the prime factors of 28028193?
3, 9342731
List the prime factors of 5991840.
2, 3, 5, 19, 73
What are the prime factors of 5469568?
2, 13, 19, 173
List the prime factors of 257216.
2, 4019
What are the prime factors of 203873?
203873
List the prime factors of 6197424.
2, 3, 129113
List the prime factors of 177638.
2, 88819
What are the prime factors of 14696431?
14696431
List the prime factors of 2020112.
2, 126257
List the prime factors of 240411.
3, 127, 631
List the prime factors of 1598805.
3, 5, 13, 911
What are the prime factors of 2681137?
29, 59, 1567
List the prime factors of 399120.
2, 3, 5, 1663
What are the prime factors of 16470534?
2, 3, 281, 9769
What are the prime factors of 2377742?
2, 79, 101, 149
List the prime factors of 18933323.
2539, 7457
List the prime factors of 614033.
7, 87719
List the prime factors of 370621.
73, 5077
List the prime factors of 497955.
3, 5, 89, 373
What are the prime factors of 1602595?
5, 197, 1627
List the prime factors of 6261479.
7, 41, 21817
What are the prime factors of 99276?
2, 3, 8273
List the prime factors of 152441.
152441
What are the prime factors of 2333910?
2, 3, 5, 77797
List the prime factors of 85578.
2, 3, 17, 839
List the prime factors of 38856.
2, 3, 1619
List the prime factors of 376022.
2, 188011
List the prime factors of 3511154.
2, 73, 24049
List the prime factors of 3516873.
3, 349, 3359
List the prime factors of 2617580.
2, 5, 7, 2671
What are the prime factors of 3416329?
7, 113, 617
List the prime factors of 219909.
3, 73303
What are the prime factors of 2840915?
5, 7, 11, 47, 157
List the prime factors of 30824076.
2, 3, 2568673
What are the prime factors of 76648?
2, 11, 13, 67
What are the prime factors of 186341?
31, 6011
What are the prime factors of 1544013?
3, 23, 7459
List the prime factors of 4580670.
2, 3, 5, 107, 1427
What are the prime factors of 14260157?
2789, 5113
What are the prime factors of 458237?
13, 101, 349
What are the prime factors of 3538634?
2, 11, 239, 673
What are the prime factors of 6011705?
5, 7, 171763
List the prime factors of 320